{"id":2533,"date":"2025-06-05T02:35:00","date_gmt":"2025-06-05T02:35:00","guid":{"rendered":"https:\/\/adventrips.cv\/caboverde\/?page_id=2533"},"modified":"2025-10-14T04:06:34","modified_gmt":"2025-10-14T04:06:34","slug":"package-4-sao-vicente-santo-antao","status":"publish","type":"page","link":"https:\/\/adventrips.cv\/caboverde\/package-4-sao-vicente-santo-antao\/","title":{"rendered":"Package-4-sao-vicente &#038; santo antao"},"content":{"rendered":"<h2>PACKAGES<\/h2>\n<h4>Package 4 &#8211; Discover S\u00e3o Vicente &amp; Santo Ant\u00e3o<\/h4>\n<p>\t\t\t\t\t\t\t\t<a data-elementor-open-lightbox=\"yes\" data-elementor-lightbox-slideshow=\"f41840f\" data-elementor-lightbox-title=\"puva\u00e7on-adventrips.cabo-verde-santo-antao\" data-e-action-hash=\"#elementor-action%3Aaction%3Dlightbox%26settings%3DeyJpZCI6MjMzNCwidXJsIjoiaHR0cDpcL1wvYWR2ZW50cmlwcy5jdlwvY2Fib3ZlcmRlXC93cC1jb250ZW50XC91cGxvYWRzXC8yMDI1XC8wNVwvcHV2YWNvbi1hZHZlbnRyaXBzLmNhYm8tdmVyZGUtc2FudG8tYW50YW8uanBnIiwic2xpZGVzaG93IjoiZjQxODQwZiJ9\" href=\"http:\/\/adventrips.cv\/caboverde\/wp-content\/uploads\/2025\/05\/puvacon-adventrips.cabo-verde-santo-antao.jpg\"><\/p>\n<figure><img decoding=\"async\" src=\"http:\/\/adventrips.cv\/caboverde\/wp-content\/uploads\/2025\/05\/puvacon-adventrips.cabo-verde-santo-antao.jpg\" alt=\"puva\u00e7on-adventrips.cabo-verde-santo-antao\" \/><\/figure>\n<p><\/a><a data-elementor-open-lightbox=\"yes\" data-elementor-lightbox-slideshow=\"f41840f\" data-elementor-lightbox-title=\"ribeira-da-torre-santo-antao-adventrips.cabo-verde\" data-e-action-hash=\"#elementor-action%3Aaction%3Dlightbox%26settings%3DeyJpZCI6MjMzMCwidXJsIjoiaHR0cDpcL1wvYWR2ZW50cmlwcy5jdlwvY2Fib3ZlcmRlXC93cC1jb250ZW50XC91cGxvYWRzXC8yMDI1XC8wNVwvcmliZWlyYS1kYS10b3JyZS1zYW50by1hbnRhby1hZHZlbnRyaXBzLmNhYm8tdmVyZGUuanBnIiwic2xpZGVzaG93IjoiZjQxODQwZiJ9\" href=\"http:\/\/adventrips.cv\/caboverde\/wp-content\/uploads\/2025\/05\/ribeira-da-torre-santo-antao-adventrips.cabo-verde.jpg\"><\/p>\n<figure><img decoding=\"async\" src=\"http:\/\/adventrips.cv\/caboverde\/wp-content\/uploads\/2025\/05\/ribeira-da-torre-santo-antao-adventrips.cabo-verde.jpg\" alt=\"ribeira-da-torre-santo-antao-adventrips.cabo-verde\" \/><\/figure>\n<p><\/a><a data-elementor-open-lightbox=\"yes\" data-elementor-lightbox-slideshow=\"f41840f\" data-elementor-lightbox-title=\"santo-antao-cabo-verde-adventrips.cv-paul\" data-e-action-hash=\"#elementor-action%3Aaction%3Dlightbox%26settings%3DeyJpZCI6MjMxNiwidXJsIjoiaHR0cDpcL1wvYWR2ZW50cmlwcy5jdlwvY2Fib3ZlcmRlXC93cC1jb250ZW50XC91cGxvYWRzXC8yMDI1XC8wNVwvc2FudG8tYW50YW8tY2Fiby12ZXJkZS1hZHZlbnRyaXBzLmN2LXBhdWwuanBnIiwic2xpZGVzaG93IjoiZjQxODQwZiJ9\" href=\"http:\/\/adventrips.cv\/caboverde\/wp-content\/uploads\/2025\/05\/santo-antao-cabo-verde-adventrips.cv-paul.jpg\"><\/p>\n<figure><img decoding=\"async\" src=\"http:\/\/adventrips.cv\/caboverde\/wp-content\/uploads\/2025\/05\/santo-antao-cabo-verde-adventrips.cv-paul.jpg\" alt=\"santo-antao-cabo-verde-adventrips.cv-paul\" \/><\/figure>\n<p><\/a><a data-elementor-open-lightbox=\"yes\" data-elementor-lightbox-slideshow=\"f41840f\" data-elementor-lightbox-title=\"cacto+sao vicente-adventrips.cv\" data-e-action-hash=\"#elementor-action%3Aaction%3Dlightbox%26settings%3DeyJpZCI6MTM4MCwidXJsIjoiaHR0cDpcL1wvYWR2ZW50cmlwcy5jdlwvY2Fib3ZlcmRlXC93cC1jb250ZW50XC91cGxvYWRzXC8yMDI1XC8wNFwvY2FjdG9zYW8tdmljZW50ZS1hZHZlbnRyaXBzLmN2Xy5qcGciLCJzbGlkZXNob3ciOiJmNDE4NDBmIn0%3D\" href=\"http:\/\/adventrips.cv\/caboverde\/wp-content\/uploads\/2025\/04\/cactosao-vicente-adventrips.cv_.jpg\"><\/p>\n<figure><img decoding=\"async\" src=\"http:\/\/adventrips.cv\/caboverde\/wp-content\/uploads\/2025\/04\/cactosao-vicente-adventrips.cv_.jpg\" alt=\"cacto+sao vicente-adventrips.cv\" \/><\/figure>\n<p><\/a><br \/>\n\t\t\t\t\t\t<svg aria-hidden=\"true\" viewBox=\"0 0 1000 1000\" xmlns=\"http:\/\/www.w3.org\/2000\/svg\"><path d=\"M646 125C629 125 613 133 604 142L308 442C296 454 292 471 292 487 292 504 296 521 308 533L604 854C617 867 629 875 646 875 663 875 679 871 692 858 704 846 713 829 713 812 713 796 708 779 692 767L438 487 692 225C700 217 708 204 708 187 708 171 704 154 692 142 675 129 663 125 646 125Z\"><\/path><\/svg><br \/>\n\t\t\t\t\t\t<svg aria-hidden=\"true\" viewBox=\"0 0 1000 1000\" xmlns=\"http:\/\/www.w3.org\/2000\/svg\"><path d=\"M696 533C708 521 713 504 713 487 713 471 708 454 696 446L400 146C388 133 375 125 354 125 338 125 325 129 313 142 300 154 292 171 292 187 292 204 296 221 308 233L563 492 304 771C292 783 288 800 288 817 288 833 296 850 308 863 321 871 338 875 354 875 371 875 388 867 400 854L696 533Z\"><\/path><\/svg>\t\t\t\t\t<\/p>\n<p style=\"text-align: center;\"><em><strong>Package 4- Discover S\u00e3o Vicente &amp; Santo Ant\u00e3o<\/strong><\/em><\/p>\n<p>This package was created especially for you who do not include a visit\/stay in Santo Ant\u00e3o during your trip. It is almost forbidden to visit S\u00e3o Vicente and not take a look at the island of Santo Ant\u00e3o.<br \/>This travel package brings together history, culture, music, the daily lives of the local population, marine life, nature, adventure, and fun.<br \/>Santo Ant\u00e3o and S\u00e3o Vicente are neighboring islands, separated by only 50 minutes by boat, and together they form a perfect combination for those seeking cultural and nature tourism.<\/p>\n<p style=\"text-align: left;\"><strong>Summary of the package<\/strong><\/p>\n<p style=\"text-align: left;\">Day 1- Transfer from Cesaria&#8217;s Airport to the accommodation.<\/p>\n<p>Free day<\/p>\n<p>19.30-\u00a0 Dinner in a traditional restaurant with live music performance.<\/p>\n<p style=\"text-align: left;\">Day 2- Full day on the island of S\u00e3o Vicente (city tour + half day)<\/p>\n<p style=\"text-align: left;\">Day 3- Full day on the island of Santo Ant\u00e3o<\/p>\n<p>Day 4- snorkeling with turtles<\/p>\n<p style=\"text-align: left;\"><strong>Itinerary<\/strong><\/p>\n<p style=\"text-align: left;\"><strong>Day 1- Transfer from the airport to the accommodation &#8211; 30 minutes<\/strong><\/p>\n<p style=\"text-align: left;\">As soon as you arrive at Ces\u00e1ria \u00c9vora Airport, our driver and guide will be there to welcome you to the island of S\u00e3o Vicente and arrange your transfer to your accommodation. You will have the afternoon free to rest or, if you wish, to take a stroll around the city.<\/p>\n<p style=\"text-align: left;\">In the evening, around 7:30 PM, our driver will pick you up from your accommodation for dinner at one of the best restaurants on the island. In addition to enjoying a delicious dinner, you will have the opportunity to experience a live traditional music show in a very welcoming environment. In the end, our driver will take you back to your accommodation.<\/p>\n<p style=\"text-align: left;\"><strong>Day 2- Full day on the island of S\u00e3o Vicente (city tour + half day)<\/strong><\/p>\n<p style=\"text-align: left;\"><strong>Duration: 6,5- 7 hours<\/strong>\u00a0 \u00a0\u00a0<\/p>\n<p style=\"text-align: left;\">Our guide will pick you up at your accommodation at 9 a.m., and you will do a city tour in the city of Mindelo. He will take you to the most important monuments and places on the island, provide you with relevant information about them, and share interesting stories about the local population. During this excursion, you will have the opportunity to experience a truly local experience. You will also have the chance to visit the sea museum to better understand the history of this island.<\/p>\n<p>After finishing the tour of the city, our driver and guide will take you to explore the other side of the island. You will be taken to the highest point of the island, visit the fishing villages, and you will also have the opportunity to take a dip in the island&#8217;s natural pool.<\/p>\n<p>On the road back to the city, you will have the opportunity to stop in the Ribeira do Calhau valley to learn more about the island&#8217;s fauna and flora.<\/p>\n<p><em><strong>Additional details<\/strong><\/em><\/p>\n<ul>\n<li><strong>Meals:<\/strong> traditional meal (fish or meat) and dessert<\/li>\n<li><strong>Drinks:<\/strong> water, coffee or tea<\/li>\n<li><strong>Shopping possibility:<\/strong> yes<\/li>\n<li><strong>Swimming possibility:<\/strong> yes<\/li>\n<li><strong>Refreshment in Monte Verde:<\/strong> yes, one drink included (coffee, tea, juice, or a schnapp).<\/li>\n<\/ul>\n<p><strong>Day 3 &#8211;\u00a0 Full day Santo Ant\u00e3o<\/strong><\/p>\n<p>On this tour, you will be able to visit the most fascinating and important points of the island.<br \/>The adventure begins early in the morning, with the boat crossing from the island of S\u00e3o Vicente to the island of Santo Ant\u00e3o. Upon arrival in the city of Porto Novo, Santo Ant\u00e3o, our guide will be waiting to welcome you.<\/p>\n<p>As soon as you leave the ferry terminal, you will continue your journey along the old panoramic road that climbs the mountains. As you leave the island of S\u00e3o Vicente and the lava landscapes behind, you will be amazed by the lush vegetation that appears as you reach the top of the mountains.<\/p>\n<p>On this tour, you will be dazzled by the island of Santo Ant\u00e3o. Known as the most beautiful in the country, Santo Ant\u00e3o is the perfect destination for those looking to escape the stress caused by the routine of big cities and who love nature as it is. By visiting Santo Ant\u00e3o, you will have the opportunity to witness the beauty of its imposing and irregular peaks shrouded in mist, deep canyons carved by ancient rivers, and lush valleys covered with sugar cane, coffee, and tropical fruits. In addition to its natural beauty, Santo Ant\u00e3o offers the chance to experience authentic experiences, where you will have the opportunity to meet locals engaged in agricultural activities.\u00a0<\/p>\n<p>Despite the hard work, you will always see a smile on your face, a characteristic of your hospitality. You will also have the opportunity to visit a distillery and taste local delicacies and the famous grogue, the rum of the island.<\/p>\n<p><em><strong>What to expect:<\/strong><\/em><\/p>\n<p><strong>Professional Guidance:<\/strong> Our experienced local guide will provide relevant\u00a0 information about the flora and fauna you will encounter during this tour, as well as the daily life of the locals\u00a0ensuring an enjoyable experience for everyone.<\/p>\n<p><strong>Relaxing ferry boat trip:<\/strong> Enjoy a scenic and pleasant trip.<\/p>\n<p><strong>Car ride:<\/strong> from the begining until the end of the tour.<\/p>\n<p><em><strong>Additional details:<\/strong><\/em><\/p>\n<p><strong>Duration:<\/strong>\u00a07,5hours<br \/><b>Round trip ferry boat tickets included<\/b><br \/><strong>Meals included:<\/strong> traditional lunch(fish or meat), dessert<\/p>\n<p><strong>Drinks: <\/strong>water and a coffee or tea<\/p>\n<p><strong>What to bring:<\/strong> comfortable clothes, sunscreen, hat, water and an adventurous spirit!<\/p>\n<p style=\"text-align: left;\"><strong>Day 4 &#8211; Snorkeling with turtles<\/strong><\/p>\n<p style=\"text-align: left;\">Duration: 45 mn &#8211; 1h<\/p>\n<p style=\"text-align: left;\">Our driver will pick you up at your accommodation and take you to the beach, where you can snorkel with the turtles.<\/p>\n<p style=\"text-align: left;\">This is undoubtedly a unique experience that can be had here in S\u00e3o Vicente. Upon arriving at the beach, our team will be there waiting for you. You will be taken by boat to the location where the turtles live, and as soon as they hear the sound of the fishing boat approaching, they will come to meet you. This activity is carried out with the utmost safety and guaranteed fun. Have your GoPro or cell phone ready to capture the best moments of this unforgettable experience.<\/p>\n<p style=\"text-align: left;\">At the end, you will be transfered back to your accommodation.<\/p>\n<p><em><strong>Additional details<\/strong><\/em><\/p>\n<ul>\n<li><strong>Supplied materials<\/strong>: safety vest, diving mask, fins<\/li>\n<li><strong>Swimming possibility:<\/strong> yes<\/li>\n<li><strong>Boat ride to the snorkeling spot:<\/strong> yes<\/li>\n<li><strong>Car ride:<\/strong> from the accommodation to the snorkel beach and back to the accommodation<\/li>\n<li><strong>Refreshment:<\/strong> no<\/li>\n<li><strong>Meals included:<\/strong> no<\/li>\n<\/ul>\n<p><strong>Important:<\/strong><\/p>\n<ul>\n<li><strong>The schedules and activities can be adapted.<\/strong><\/li>\n<li><strong>Transfer from the accommodation to the airport is also included.<\/strong><\/li>\n<\/ul>\n<p style=\"text-align: left;\">\u00a0<\/p>\n<p><strong>\u00a0<\/strong><\/p>\n<p>\t\t\t\t\t<a href=\"#book\"><br \/>\n\t\t\t\t\t\t\t\t\tCheck Availability<br \/>\n\t\t\t\t\t<\/a><br \/>\n\t\t<iframe title=\"Santo Ant\u00e3o and S\u00e3o Vicente | CAPE VERDE travel video\" width=\"1290\" height=\"726\" src=\"https:\/\/www.youtube.com\/embed\/LxL0-Bb_joA?feature=oembed\" frameborder=\"0\" allow=\"accelerometer; autoplay; clipboard-write; encrypted-media; gyroscope; picture-in-picture; web-share\" referrerpolicy=\"strict-origin-when-cross-origin\" allowfullscreen><\/iframe>\t\t<\/p>\n<h2>Book your tour now and immerse yourself in Cabo Verde\u2019s rich culture with a local agency<\/h2>\n<p>\t\t\t\t\t<a href=\"#book\"><br \/>\n\t\t\t\t\t\t\t\t\tREACH OUT NOW<br \/>\n\t\t\t\t\t<\/a><\/p>\n<h2>Availability Form<\/h2>\n<form id=\"wpforms-form-306\" data-formid=\"306\" method=\"post\" enctype=\"multipart\/form-data\" action=\"\/caboverde\/wp-admin\/admin-ajax.php\" data-token=\"b2d004dce181cfc2f86156ba15a5a85a\" data-token-time=\"1751858771\"><noscript>Please enable JavaScript in your browser to complete this form.<\/noscript>Please enable JavaScript in your browser to complete this form.<label for=\"wpforms-306-field_0\">Full Name *<\/label><input type=\"text\" id=\"wpforms-306-field_0\" name=\"wpforms[fields][0]\" aria-errormessage=\"wpforms-306-field_0-error\" required><label for=\"wpforms-306-field_1\">Email Address *<\/label><input type=\"email\" id=\"wpforms-306-field_1\" name=\"wpforms[fields][1]\" spellcheck=\"false\" aria-errormessage=\"wpforms-306-field_1-error\" required><label for=\"wpforms-306-field_3\">Subject<\/label><input type=\"text\" id=\"wpforms-306-field_3\" name=\"wpforms[fields][3]\" aria-errormessage=\"wpforms-306-field_3-error\" ><label for=\"wpforms-306-field_2\">Comment or Message *<\/label><textarea id=\"wpforms-306-field_2\" name=\"wpforms[fields][2]\" aria-errormessage=\"wpforms-306-field_2-error\" required><\/textarea><!-- .wpforms-field-container --><input type=\"hidden\" name=\"wpforms[id]\" value=\"306\">\t\t\t<input\n\t\t\t\ttype=\"hidden\"\n\t\t\t\tname=\"wpforms[nonce]\"\n\t\t\t\tvalue=\"042c4386c9\"\n\t\t\t\/><br \/>\n\t\t\t<input type=\"hidden\" name=\"page_title\" value=\"{page_title}\"><input type=\"hidden\" name=\"page_url\" value=\"http:\/\/page_url\"><button type=\"submit\" name=\"wpforms[submit]\" id=\"wpforms-submit-306\" data-alt-text=\"Sending...\" data-submit-text=\"Send Message\" aria-live=\"assertive\" value=\"wpforms-submit\">Send Message<\/button><\/form>\n<p>  <!-- .wpforms-container --><\/p>\n","protected":false},"excerpt":{"rendered":"<p>PACKAGES Package 4 &#8211; Discover S\u00e3o Vicente &amp; Santo Ant\u00e3o Package 4- Discover S\u00e3o Vicente &amp; Santo Ant\u00e3o This package was created especially for you who do not include a visit\/stay in Santo Ant\u00e3o during your trip. It is almost forbidden to visit S\u00e3o Vicente and not take a look at the island of Santo [&hellip;]<\/p>\n","protected":false},"author":1,"featured_media":0,"parent":0,"menu_order":0,"comment_status":"closed","ping_status":"closed","template":"","meta":{"_siteseo_robots_primary_cat":"","pagelayer_contact_templates":[],"_pagelayer_content":"","footnotes":""},"class_list":["post-2533","page","type-page","status-publish","hentry"],"blocksy_meta":{"page_title_panel":"","has_hero_section":"disabled","0df2dca53447789c9966a9ee2482ae8e":"","hero_section":"type-1","hero_elements":[{"id":"custom_title","enabled":true,"heading_tag":"h1","title":"Home"},{"id":"custom_description","enabled":true,"description_visibility":{"desktop":true,"tablet":true,"mobile":false}},{"id":"custom_meta","enabled":false,"meta_elements":[{"id":"author","enabled":true,"label":"By","has_author_avatar":"yes","avatar_size":25},{"id":"post_date","enabled":true,"label":"On","date_format_source":"default","date_format":"M j, Y"},{"id":"comments","enabled":true}],"page_meta_elements":{"joined":true,"articles_count":true,"comments":true}},{"id":"breadcrumbs","enabled":false}],"9a068402903147dab0312ed721d813d1":"","hero_alignment1":"left","hero_alignment2":"center","hero_vertical_alignment":"center","878df3921d36f5f7834a2f50f2d62119":"","hero_structure":"narrow","c672b96ecc952ad64c8c2d7fdf1a61dc":"","page_title_bg_type":"featured_image","custom_hero_background":{"attachment_id":null},"parallax":{"desktop":false,"tablet":false,"mobile":false},"cc7bcd5456d7cac909e888486d83b616":"","hero_height":"250px","pageTitleFont":{"family":"Default","variation":"Default","size":{"desktop":"32px","tablet":"30px","mobile":"25px"},"line-height":"CT_CSS_SKIP_RULE","letter-spacing":"CT_CSS_SKIP_RULE","text-transform":"CT_CSS_SKIP_RULE","text-decoration":"CT_CSS_SKIP_RULE"},"pageTitleFontColor":{"default":{"color":"CT_CSS_SKIP_RULEDEFAULT"}},"pageMetaFont":{"family":"Default","variation":"n6","size":"12px","line-height":"1.3","letter-spacing":"CT_CSS_SKIP_RULE","text-transform":"uppercase","text-decoration":"CT_CSS_SKIP_RULE"},"pageMetaFontColor":{"default":{"color":"CT_CSS_SKIP_RULEDEFAULT"},"hover":{"color":"CT_CSS_SKIP_RULEDEFAULT"}},"pageExcerptFont":{"family":"Default","variation":"Default","size":"CT_CSS_SKIP_RULE","line-height":"CT_CSS_SKIP_RULE","letter-spacing":"CT_CSS_SKIP_RULE","text-transform":"CT_CSS_SKIP_RULE","text-decoration":"CT_CSS_SKIP_RULE"},"pageExcerptColor":{"default":{"color":"CT_CSS_SKIP_RULEDEFAULT"}},"breadcrumbsFont":{"family":"Default","variation":"n6","size":"12px","line-height":"CT_CSS_SKIP_RULE","letter-spacing":"CT_CSS_SKIP_RULE","text-transform":"uppercase","text-decoration":"CT_CSS_SKIP_RULE"},"breadcrumbsFontColor":{"default":{"color":"CT_CSS_SKIP_RULEDEFAULT"},"initial":{"color":"CT_CSS_SKIP_RULEDEFAULT"},"hover":{"color":"CT_CSS_SKIP_RULEDEFAULT"}},"pageTitleOverlay":{"default":{"color":"rgba(41, 51, 60, 0.2)"}},"pageTitleBackground":{"background_type":"color","background_pattern":"type-1","background_image":{"attachment_id":null,"x":0,"y":0},"background_repeat":"no-repeat","background_size":"auto","background_attachment":"scroll","patternColor":{"default":{"color":"#e5e7ea"}},"backgroundColor":{"default":{"color":"#EDEFF2"}}},"5384544efa2613b7222fa667fe0c3bd5":"","page_structure_type":"default","content_style":"inherit","vertical_spacing_source":"custom","content_area_spacing":"none","background":{"background_type":"color","background_pattern":"type-1","background_image":{"attachment_id":null,"x":0,"y":0},"background_repeat":"no-repeat","background_size":"auto","background_attachment":"scroll","patternColor":{"default":{"color":"#e5e7ea"}},"backgroundColor":{"default":{"color":"CT_CSS_SKIP_RULE"}}},"content_background":{"background_type":"color","background_pattern":"type-1","background_image":{"attachment_id":null,"x":0,"y":0},"background_repeat":"no-repeat","background_size":"auto","background_attachment":"scroll","patternColor":{"default":{"color":"#e5e7ea"}},"backgroundColor":{"default":{"color":"#ffffff"}}},"content_boxed_spacing":{"desktop":"40px","tablet":"35px","mobile":"20px"},"content_boxed_radius":{"top":"3px","bottom":"3px","left":"3px","right":"3px","linked":true},"content_boxed_shadow":{"blur":18,"spread":-6,"v_offset":12,"h_offset":0,"inset":false,"enable":true,"color":{"color":"rgba(34, 56, 101, 0.04)"}},"7b360c47770bb2bc7820037d1b7ccdae":"","disable_featured_image":"no","disable_header":"no","disable_footer":"no","styles_descriptor":{"styles":{"desktop":"","tablet":"","mobile":""},"google_fonts":[]}},"_links":{"self":[{"href":"https:\/\/adventrips.cv\/caboverde\/wp-json\/wp\/v2\/pages\/2533","targetHints":{"allow":["GET"]}}],"collection":[{"href":"https:\/\/adventrips.cv\/caboverde\/wp-json\/wp\/v2\/pages"}],"about":[{"href":"https:\/\/adventrips.cv\/caboverde\/wp-json\/wp\/v2\/types\/page"}],"author":[{"embeddable":true,"href":"https:\/\/adventrips.cv\/caboverde\/wp-json\/wp\/v2\/users\/1"}],"replies":[{"embeddable":true,"href":"https:\/\/adventrips.cv\/caboverde\/wp-json\/wp\/v2\/comments?post=2533"}],"version-history":[{"count":59,"href":"https:\/\/adventrips.cv\/caboverde\/wp-json\/wp\/v2\/pages\/2533\/revisions"}],"predecessor-version":[{"id":3041,"href":"https:\/\/adventrips.cv\/caboverde\/wp-json\/wp\/v2\/pages\/2533\/revisions\/3041"}],"wp:attachment":[{"href":"https:\/\/adventrips.cv\/caboverde\/wp-json\/wp\/v2\/media?parent=2533"}],"curies":[{"name":"wp","href":"https:\/\/api.w.org\/{rel}","templated":true}]}}